 common factor of 400078 and 126?
14
What is the greatest common factor of 114 and 184116004?
38
Calculate the greatest common factor of 1782 and 19351629.
891
Calculate the greatest common factor of 26 and 5748886.
26
What is the greatest common factor of 3159 and 28664532?
117
Calculate the greatest common factor of 5302 and 4212198.
482
What is the highest common divisor of 23117068 and 1898?
26
What is the greatest common divisor of 44603 and 148993?
949
Calculate the greatest common divisor of 271969 and 37.
1
Calculate the greatest common factor of 144308 and 731.
43
What is the greatest common divisor of 11494665 and 225?
45
Calculate the highest common factor of 1268640 and 1290.
30
Calculate the greatest common factor of 108 and 1585926.
54
What is the highest common factor of 203406273 and 4122?
2061
Calculate the greatest common factor of 60090523 and 899.
29
What is the highest common factor of 69 and 143721825?
69
Calculate the highest common factor of 9933 and 1587201.
231
What is the highest common factor of 11 and 152882609?
11
Calculate the greatest common divisor of 131189360 and 2768.
2768
Calculate the highest common divisor of 6201 and 22941.
9
What is the greatest common factor of 384 and 14547?
3
What is the greatest common factor of 288 and 175176192?
96
Calculate the greatest common divisor of 6 and 13643394.
6
What is the greatest common divisor of 319213 and 11346?
61
What is the highest common factor of 67716 and 467172?
684
What is the greatest common factor of 174116 and 106894?
1102
Calculate the highest common factor of 3945577 and 1825.
73
What is the greatest common divisor of 1353 and 509576331?
1353
Calculate the greatest common factor of 6019 and 42991.
13
Calculate the highest common factor of 996 and 35750922.
498
What is the highest common factor of 217140 and 13644?
12
Calculate the greatest common factor of 1007 and 106001.
19
What is the greatest common divisor of 11247320 and 35210?
70
Calculate the greatest common factor of 1593 and 2938731.
177
Calculate the highest common factor of 44639 and 1176101.
911
Calculate the highest common factor of 19517 and 1776714.
29
Calculate the greatest common divisor of 21614072 and 238.
34
What is the highest common divisor of 15847828 and 92?
92
Calculate the greatest common divisor of 3051221 and 6842.
311
What is the greatest common divisor of 444 and 200945742?
222
Calculate the highest common factor of 90580555 and 6440.
115
What is the highest common factor of 1204657 and 704107?
3337
What is the highest common divisor of 653124 and 662448?
444
Calculate the greatest common divisor of 130332850 and 50.
50
Calculate the highest common divisor of 2824672 and 135136.
3296
What is the greatest common divisor of 808 and 101059388?
404
What is the greatest common divisor of 1243 and 11201125?
113
What is the highest common divisor of 2883 and 50639895?
2883
What is the greatest common factor of 9936 and 13504?
16
What is the greatest common divisor of 30360 and 126261720?
2760
Calculate the greatest common divisor of 4773 and 141126.
129
Calculate the greatest common factor of 495 and 33789195.
495
Calculate the greatest common factor of 1032995 and 1435.
205
What is the greatest common factor of 370620 and 380538?
522
What is the greatest common factor of 46443 and 431139?
411
Calculate the greatest common factor of 61527284 and 549.
61
What is the greatest common divisor of 1208 and 138168?
8
Calculate the greatest common divisor of 166814685 and 2220.
555
Calculate the highest common divisor of 11221476 and 26700.
1068
Calculate the greatest common divisor of 105 and 6814745.
35
What is the greatest common factor of 5993 and 1274992771?
5993
What is the highest common factor of 10863056 and 144?
16
Calculate the highest common factor of 227 and 20474.
1
What is the highest common factor of 1505 and 38709245?
215
What is the highest common divisor of 55425 and 21975?
75
What is the highest common divisor of 43800 and 76340?
20
Calculate the highest common divisor of 218141 and 5621.
77
Calculate the highest common factor of 5325 and 281525.
25
Calculate the greatest common divisor of 34275903 and 381.
381
Calculate the greatest common factor of 334 and 124637945.
167
What is the highest common divisor of 1178 and 11633054?
38
Calculate the greatest common factor of 613750 and 20000.
1250
What is the highest common factor of 83874 and 477372?
42
Calculate the greatest common factor of 5519947 and 3406.
131
What is the greatest common factor of 5412640 and 720?
80
Calculate the greatest common divisor of 28056650 and 2350.
2350
What is the highest common factor of 3712 and 1913216?
128
What is the greatest common factor of 7 and 2058844081?
7
What is the highest common factor of 239100393 and 22253?
2023
Calculate the greatest common divisor of 85 and 533850.
5
What is the greatest common factor of 361061 and 61722?
127
What is the highest common factor of 2725 and 1600?
25
Calculate the highest common divisor of 32577 and 3093.
3
What is the highest common divisor of 26474710 and 50?
10
Calculate the highest common divisor of 34286389 and 159.
53
Calculate the greatest common factor of 3211 and 1263037217.
3211
Calculate the highest common factor of 510 and 141667035.
255
Calculate the greatest common factor of 240 and 25509690.
30
Calculate the greatest common factor of 558 and 1281870.
18
What is the highest common factor of 63 and 2470635?
9
Calculate the highest common factor of 7779150 and 38090.
2930
What is the highest common divisor of 8061741 and 81?
27
What is the greatest common divisor of 73051086 and 114?
114
What is the greatest common divisor of 266392 and 1184828?
268
What is the highest common factor of 868 and 1997212?
28
What is the greatest common divisor of 612900639 and 62699?
8957
What is the greatest common factor of 1095911 and 9259?
197
What is the greatest common factor of 1997423 and 1054?
31
Calculate the highest common divisor of 28641706 and 23312.
2914
What is the highest common factor of 11641335 and 123?
123
What is the greatest common divisor of 3432776 and 2906456?
5848
Calculate the highest common factor of 3696 and 722985648.
3696
What is the highest common factor of 1461 and 6700633?
487
Calculate the greatest common factor of 7534184 and 13832.
1064
What is the greatest common factor of 388 and 443315414?
194
Calculate the greatest common factor of 188 and 118012676.
188
What is the greatest common factor of 2355850 and 322?
14
Calculate the highest common factor of 4142 and 59831.
19
Calculate the highest common factor of 1088932 and 5375.
43
Calculate the highest common divisor of 1053052 and 2668666.
2002
What is the greatest common divisor of 31320 and 3216390?
870
What is the highest common divisor of 12352 and 6170596?
772
What is the highest common divisor of 189 and 100384137?
189
What is the greatest common divisor of 150 and 4976150?
50
Calculate the greatest common factor of 5285644 and 2197139.
7819
What is the highest common divisor of 12 and 11599188?
12
Calculate the highest common divisor of 21864 and 16034511.
2733
What is the highest common divisor of 343 and 30003239?
343
Calculate the greatest common divisor of 5080 and 6713220.
2540
What is the greatest common factor of 130 and 64993747?
13
Calculate the highest common factor of 48069 and 1339392.
327
What is the greatest common divisor of 2305878 and 791?
113
Calculate the greatest common divisor of 29295 and 10547145.
945
What is the highest common divisor of 1074003 and 1751001?
4179
What is the highest common divisor of 2530 and 115483115?
1265
What is the greatest common divisor of 372696 and 425436?
3516
Calculate the highest common divisor of 49 and 3316453.
7
What is the greatest common divisor of 39334722 and 2604?
1302
What is the greatest common divisor of 92560 and 29692?
52
Calculate the highest common divisor of 25952 and 4468224.
32
What is the greatest common divisor of 12987171 and 434?
31
Calculate the highest common divisor of 252 and 431544.
12
Calculate the greatest common factor of 280544 and 48224.
352
What is the greatest common factor of 1153705 and 315?
35
What is the greatest common factor of 33628148 and 8?
4
What is t